 -3).
-5
What is -3 - (-1 - 0 - (-1 + 4))?
1
What is the value of (-10 - -4) + 3 + 0 + 4?
1
-1 + 7 - (5 + -7 - -9)
-1
(-6 - 0) + 1 + (-209 - -213)
-1
1 + 2 - (7 + -18 - -16)
-2
What is -6 - (0 + 0 + -11)?
5
What is -3 + 5 + (1 - (0 - 3))?
6
12 + -14 - (-2 + 2 + 4)
-6
What is 0 + 5 - (-1 + 11)?
-5
Calculate -45 - -48 - (7 - 0).
-4
What is (-2 - -2) + (-2 - -5)?
3
Calculate 2 - -6 - (3 - (-7 - -5)).
3
What is 14 - (2 - (-2 + 6 + -8))?
8
Calculate 0 + 4 + 0 + -9 + 0.
-5
51 + -57 + (0 - 4)
-10
Evaluate (7 + 1 + -10 - -3) + 0.
1
Calculate 13 + -15 + (1 - 1).
-2
What is the value of -15 + (1 - -1 - (-73 + 67))?
-7
Calculate -3 + (2 + 4 - 0).
3
What is 6 - (-1 + 2 + 0)?
5
Calculate -2 + (-2 + 8 - (-13 + 25)).
-8
Evaluate -12 + 0 + -4 + 12.
-4
Calculate -30 + 23 + (2 - -7).
2
What is -1 + 6 - (-5 - (-10 + 2))?
2
Evaluate -3 - -5 - -3 - 0.
5
What is the value of (1 - -1) + (-8 - -4)?
-2
What is the value of 1 - 3 - (-4 - (-9 - 1))?
-8
1 - (0 - 2) - (2 - 2)
3
What is (-3 + 0 - 2) + (-4 - -8)?
-1
3 + (-7 - (6 + (-2 - 0)))
-8
What is -2 + (14 + -20 - (0 - 3))?
-5
What is -11 + 6 - (2 - 2 - 1)?
-4
3 - (1 + -3 + 5 + 3)
-3
-7 + 5 + 1 - (-1 + -1)
1
Evaluate (-3 - -1) + (0 - -1) + -1.
-2
What is the value of 7 - ((2 - 5) + 6)?
4
Evaluate -7 + -8 + -2 + 7 + 5.
-5
Calculate 4 + -6 - -1 - 3 - -5.
1
Evaluate 1 + -4 + -3 - 0.
-6
Calculate 8 - (-1 - (-10 - -7)).
6
Evaluate 1 + -3 + -2 + 1.
-3
What is the value of 5 + (-10 + 7 - 0)?
2
3 + (5 - 3) + 0
5
Calculate 9 + -8 - -3 - (-1 - -2).
3
What is (3 - (9 + -2 + -2)) + 3?
1
Evaluate 5 + 0 + -2 - (-2 + 0).
5
Evaluate (-2 - (-4 - -2)) + -3.
-3
Evaluate (18 - 21) + 14 + -1.
10
What is the value of -12 + (-12 - -10 - -11)?
-3
Calculate 3 - 1 - (-16 - -26 - 7).
-1
What is the value of (8 - 3) + (5 - 10) + 6?
6
Calculate (9 - 9) + -1 - 3.
-4
What is 2 + -1 - (5 + (-3 - -2))?
-3
Calculate 0 + -3 + (-3 - -5) + 1.
0
-2 - (4 + -2 + -1)
-3
Calculate (1 + 0 - 0) + -8 + 5.
-2
What is 0 + 6 + -4 - 1?
1
Evaluate (0 - 1) + 28 + -24 - -3.
6
Calculate -3 + (5 - -5) + -4 - 2.
1
2 + 2 + 1 + 1 + -2
4
Calculate 1 - (-4 - (3 + -12)).
-4
What is the value of 0 + 0 + 3 + 13 + -17?
-1
Evaluate (2 - 1 - 5) + 9.
5
Evaluate -5 + 0 + 1 + 6.
2
What is the value of -4 + (8 - -4) + -3?
5
What is the value of -7 - (-1 - (14 - 4))?
4
What is -2 + -3 + (-4 - -9) + -3?
-3
1 + (7 - (4 + -1)) + -2
3
What is the value of (6 - 2) + -26 + 26?
4
6 + (-23 + 5 - -7)
-5
What is the value of -10 + (-1 - -6) + 8?
3
What is the value of 2 + 2 - (4 + 1)?
-1
What is -1 + 6 + 0 + -11 + 9?
3
Evaluate 4 - (0 - (0 + 7 + -6)).
5
Evaluate -2 - (-1 + (6 - 3)).
-4
Evaluate 16 + -9 + -4 + 7.
10
Calculate -2 - (7 + -5 + -1).
-3
Calculate (16 - 10) + -9 + -1.
-4
2 + -2 - (-2 + -6)
8
Evaluate -4 - -8 - 2 - 0.
2
What is (3 - 1) + 19 + -17?
4
(2 - -2) + (-21 - -14)
-3
Evaluate -5 - ((8 - 5 - 0) + 1).
-9
1 - (-4 + 0 - (5 - 12))
-2
Evaluate -7 + (2 - 3 - -1) + -1.
-8
-5 - (-7 + (18 - 13))
-3
Evaluate -2 + (4 - (-10 + 8)) - 2.
2
-2 + (15 - 10) + 3
6
Evaluate (4 - 3) + (1 - (4 - 1)).
-1
4 - (-4 + 6) - 6
-4
What is -5 - (0 - (-3 - -5))?
-3
Evaluate 3 + -2 + -12 + 19.
8
What is 3 - 5 - 6 - -3?
-5
Calculate (5 + 2 - (0 + 2)) + -4.
1
-2 - -7 - 7 - 3
-5
Evaluate 7 + 5 + -8 + (-7 - -1).
-2
13 - (11 + -2 - 2) - 15
-9
What is 253 - 256 - ((2 - 1) + -1)?
-3
1 + -7 + -172 + 180
2
What is the value of -5 + 0 + 4 + 2 + -1?
0
What is -3 + 7 + (1 - 5) + 0?
0
What is the value of -1 - -4 - 6 - -8 - 3?
2
-2 + -4 - 1 - -8
1
Evaluate 8 - 1 - (-7 + (1 - -5)).
8
Calculate 3 + (-4 - (-1 - (4 + -2))).
2
Evaluate 7 + -7 - (-2 + 10).
-8
What is the value of 2 + 3 - (-9 - -10)?
4
6 - (-6 + -4 + 10)
6
What is (-3 - -6) + 5 - 3?
5
What is 9 + -4 + -1 + -7?
-3
(-122 - -122) + (1 + 1 - -3)
5
Evaluate -17 - -17 - (-1 - -5).
-4
Calculate -23 + 5 - -3 - -6.
-9
Evaluate (-4 + -3 - -3 - 3) + 2.
-5
What is the value of -62 + 65 - (2 + -1)?
2
What is 3 + -9 + (9 - 10)?
-7
Evaluate -5 + (17 - 8 - 5) - -4.
3
Calculate -4 - (-5 - -3) - (-4 + 2).
0
What is the value of 7 - 8 - (-2 - (0 - 3))?
-2
-6 + -1 - (4 - (-7 + 14))
-4
(-2 - -2) + -3 + (6 - 8)
-5
Calculate 0 + (7 - (-5 - -6)).
6
Evaluate (-8 - (12 + -10)) + 6.
-4
13 + -3 + -3 + -17
-10
Evaluate -5 - (0 + 1) - (1 - 10).
3
Calculate 2 + -3 + (-5 - (3 + -5)).
-4
Evaluate 3 - 8 - (1 + -6).
0
-10 - (28 - 37 - (-8 + -1))
-10
What is the value of -3 + 14 + -3 - (-69 + 78)?
-1
What is 7 - (-7 - (6 + -18) - 4)?
6
What is 7 + -1 + 10 + (-15 - 0)?
1
What is 4 + -2 + (-13 - -11) + -1?
-1
5 + (8 - 8 - -2)
7
What is the value of -12 - -1 - (185 - 197)?
1
Calculate 6 + -2 + (-7 - -4).
1
What is (6 - 3 - 5) + -1?
-3
What is the value of -4 + (5 - -5) + -2?
4
(3 - (0 - 0)) + -1 + -6
-4
Calculate -4 - (6 - (2 - -6) - 0).
-2
What is (3 - 4) + -1 + -3?
-5
What is the value of 1 + 0 + 3 + -6?
-2
Evaluate 1 + (7 - (8 + -12 - -7)).
5
Calculate (0 - (1 - 1)) + -2 - -2.
0
Calculate -3 + 7 + -5 + 0.
-1
What is (0 - 0 - -5) + (-29 - -28)?
4
What is the value of (-9 - (6 - 8)) + 9?
2
(-1 - -2 - -2) + -4 + 0
-1
What is (-9 - -14) + (5 - (0 + 12))?
-2
Calculate (6 - 3 - (1 + 0)) + 0.
2
Evaluate 12 + -3 - -3 - 12.
0
What is the value of -9 + 2 + (-17 - -21)?
-3
(-2 - 2) + (0 - (-3 - -2))
-3
What is 0 - (0 + 7) - -4?
-3
What is the value of 11 + -13 + (2 - 2)?
-2
What is the value of 0 + 1 + -2 + (-7 - -10)?
2
What is -9 + 7 + 1 + 4?
3
1 + -2 + 0 + 4 - -2
5
Evaluate -4 - (0 - (-4 - -3)).
-5
What is the value of 7 + -7 + (-2 - -1)?
-1
Calculate 1 + 11 + -12 + 1 + 7.
8
Calculate (6 - 12 - -6) + -10 + 1.
-9
What is the value of (4 - (6 + 3)) + (17 - 18)?
-6
Calculate 1 - 6 - (7 + (-8 - -4)).
-8
What is the value of -8 + (5 - 0) + 5?
2
What is 2 - (-2 + 10 - (3 + 2))?
-1
What is (1 - -1 - -1) + -3 - 4?
-4
Calculate (0 - 2) + (13 - 6) + -3.
2
What is -8 + 13 - (-3 + -2 + 2)?
8
Evaluate -3 + (-5 - -15 - 4).
3
5 + -7 + 2 + 1 + 1
2
Calculate (7 - 2) + (52 - 55).
2
Calculate 0 - 2 - (-2 + 0 + 2).
-2
Calculate -10 + (10 - (-6 - -11)).
-5
3 - (4 + -3 - (2 - 0))
4
What is the value of (35 - 34) + (-4 - -1)?
-2
Evaluate -12 - (-5 + 3) - -5.
-5
-8 + 1 + 2 - -6
1
Evaluate (-11 + 13 - -10) + -6.
6
(1 - 0) + (-4 + -3 - -4)
-2
What is the value of (-7 - -1) + -40 + 40?
-6
Evaluate 1 + (1 - (-1 + -4 + 3)).
4
Calculate (-74 - -81) + -1 + -4.
2
Calculate (-5 - ((-6 - 1) + 2)) + 1.
1
Calculate (-4 - -7) + 2 + -4 - 2.
-1
0 + 10 + -8 - 4
-2
What is 4 + (-7 - -1) + 3?
1
Calculate (-2 - -2) + -1 + (-7 - -10).
2
What is (-3 + 1 - (-5 + 5)) + -1?
-3
Calculate -3 - (-3 + (5 - 3)) - -2.
0
What is -3 + 4 + -1 + 0?
0
Evaluate 9 + (-2 - 0) + -3.
4
Evaluate -11 - -17 - ((9 - -3) + 2).
-8
Calculate -2 + 7 + -3 - 7.
-5
What is the value of 2 - -1 - (-10 + 12 + 5)?
-4
(3 - (2 - 3) - 2) + 0
2
What is -1 - -3 - (14 - (12 + -4))?
-4
What is -2 - -6 - (-27 - -38)?
-7
Evaluate -4 + 8 + -6 + 3 + 6.
7
Evaluate (-13 - (-5 - 9)) + -3.
-2
(-8 - (-5 + 3)) + 1
-5
What is 4 + -13 + (2 - -3)?
-4
What is the value of 60 + -55 - (-1 + 4 + 2)?
0
4 - (2 + 0 + -4 + -1)
7
What is 0 + 3 + (-1 - (3 - -2))?
-3
What is the value of -4 - (-2 + (-3 - (1 + -2)))?
0
Calculate (-1 - (8 - 18)) + -15.
-6
Calculate 1 + 2 + (-1 - -3).
5
What is the value of -60 - -60 - (1 - 2 - 2)?
3
Evaluate 6 + (8 - (-5 - -23)).
-4
Calculate -10 + 0 + 11 + (1 - -6).
8
Calculate 4 - 4 - -3 - 3.
0
Evaluate (4 + -6 - -8) + 0.
6
What is the value of -4 + (9 - -6) - 8?
3
What is 1 + (1 - 2) + 7?
7
Evaluate (-7 - -12) + -9 - -7.
3
6 + -10 - -6 - 0
2
What is the value of (-4 + 6 - -2) + -11 + 7?
0
Calculate -2 + (-3 - -4 - 0).
-1
-5 + 0 + -1 + 2 + 2
-2
Evaluate 13 + -10 + (0 - 12) - -4.
-5
Evaluate (-4 - 0) + 4 + 6 - 1.
5
-4 + (-3 - -5) + 2
0
What is -2 - (4 + -5 - 3)?
2
What is (0 - -3) + (4 - (2 + 3))?
2
21 - 2 - 6 - 3 - 7
3
Evaluate 2 - (0 - 9 - -3).
8
What is the value of -8 - -41 - 29 - (-2 - 0)?
6
6 + 1 - (22 + -11 + -8)
4
15 + (3 - 26) + -3
-11
Calculate 1 - -2 - (2 - (2 + -8)).
-5
Calculate -6 + -4 + 6 + 4.
0
What is the value of -1 + 2 + -6 + (5 - 0)?
0
What is the value of (-1 - -4) + 3 + -6 + 3?
3
-3 - (0 - 3) - (-4 + 6)
-2
-5 + -5 + 12 + 1 + -7
-4
What is -3 + 2 + -1 + 4 - -3?
5
Calculate (2 - (6 + 3)) + -3 + 7.
-3
Evaluate 5 + -8 - -1 - (4 + -5).
-1
Evaluate 6 + (6 - 10 - -6) + -4.
4
-9 + 4 + 7 - 9
-7
Calculate -3 - -1 - (-6 + (14 - 7)).
-3
What is 2 - (0 + (0 - (-4 + 0)))?